{"id":392,"date":"2025-01-14T14:38:38","date_gmt":"2025-01-14T13:38:38","guid":{"rendered":"https:\/\/travelparadise.pl\/?page_id=392"},"modified":"2025-01-17T13:30:30","modified_gmt":"2025-01-17T12:30:30","slug":"wycieczki-objazdowe-2","status":"publish","type":"page","link":"https:\/\/travelparadise.pl\/?page_id=392","title":{"rendered":"WYCIECZKI OBJAZDOWE"},"content":{"rendered":"\n<hr class=\"wp-block-separator has-alpha-channel-opacity is-style-wide\"\/>\n\n\n\n<div class=\"wp-block-kadence-column kadence-column392_160325-83\"><div class=\"kt-inside-inner-col\">\n<h2 class=\"kt-adv-heading392_5494ce-1e wp-block-kadence-advancedheading\" data-kb-block=\"kb-adv-heading392_5494ce-1e\"><strong>Wycieczki Wielodniowe \u2013 Przygoda na D\u0142u\u017cej!<\/strong><br><br>Z Travel Paradise odkryjesz najpi\u0119kniejsze miejsca w Polsce i Europie podczas wyj\u0105tkowych wycieczek wielodniowych. Komfortowy transport, profesjonalni przewodnicy i niezapomniane atrakcje \u2013 to wszystko czeka na Ciebie! Wybierz swoj\u0105 idealn\u0105 podr\u00f3\u017c i ciesz si\u0119 wyj\u0105tkowymi wspomnieniami.<\/h2>\n<\/div><\/div>\n\n\n\n<div class=\"wp-block-kadence-column kadence-column392_b1ee4b-d7\"><div class=\"kt-inside-inner-col\"><div class=\"kb-gallery-wrap-id-392_5361d3-78 alignnone wp-block-kadence-advancedgallery\"><ul class=\"kb-gallery-ul kb-gallery-non-static kb-gallery-type-masonry kb-masonry-init kb-gallery-id-392_5361d3-78 kb-gallery-caption-style-below kb-gallery-filter-none\" data-image-filter=\"none\" data-item-selector=\".kadence-blocks-gallery-item\" data-lightbox-caption=\"true\" data-columns-xxl=\"3\" data-columns-xl=\"3\" data-columns-md=\"3\" data-columns-sm=\"2\" data-columns-xs=\"1\" data-columns-ss=\"1\"><li class=\"kadence-blocks-gallery-item\"><div class=\"kadence-blocks-gallery-item-inner\"><figure class=\"kb-gallery-figure kb-gallery-item-has-link kadence-blocks-gallery-item-has-caption\" style=\"max-width:642px;\"><a href=\"https:\/\/travelparadise.pl\/?page_id=412\" class=\"kb-gallery-item-link\"  ><div class=\"kb-gal-image-radius\" style=\"max-width:642px;\"><div class=\"kb-gallery-image-contain kadence-blocks-gallery-intrinsic\" style=\"padding-bottom:159%;\"><img loading=\"lazy\" decoding=\"async\" src=\"https:\/\/travelparadise.pl\/wp-content\/uploads\/2025\/01\/RUGIA-1-642x1024.png\" width=\"642\" height=\"1024\" alt=\"\" data-full-image=\"https:\/\/travelparadise.pl\/wp-content\/uploads\/2025\/01\/RUGIA-1.png\" data-light-image=\"https:\/\/travelparadise.pl\/wp-content\/uploads\/2025\/01\/RUGIA-1.png\" data-id=\"754\" class=\"wp-image-754\" srcset=\"https:\/\/travelparadise.pl\/wp-content\/uploads\/2025\/01\/RUGIA-1-642x1024.png 642w, https:\/\/travelparadise.pl\/wp-content\/uploads\/2025\/01\/RUGIA-1-188x300.png 188w, https:\/\/travelparadise.pl\/wp-content\/uploads\/2025\/01\/RUGIA-1-768x1226.png 768w, https:\/\/travelparadise.pl\/wp-content\/uploads\/2025\/01\/RUGIA-1-963x1536.png 963w, https:\/\/travelparadise.pl\/wp-content\/uploads\/2025\/01\/RUGIA-1-1283x2048.png 1283w, https:\/\/travelparadise.pl\/wp-content\/uploads\/2025\/01\/RUGIA-1.png 1410w\" sizes=\"auto, (max-width: 642px) 100vw, 642px\" \/><\/div><\/div><div class=\"kadence-blocks-gallery-item__caption\"><strong>RUGIA<\/strong><\/div><\/a><\/figure><\/div><\/li><li class=\"kadence-blocks-gallery-item\"><div class=\"kadence-blocks-gallery-item-inner\"><figure class=\"kb-gallery-figure kb-gallery-item-has-link kadence-blocks-gallery-item-has-caption\" style=\"max-width:642px;\"><a href=\"https:\/\/travelparadise.pl\/?page_id=414\" class=\"kb-gallery-item-link\"  ><div class=\"kb-gal-image-radius\" style=\"max-width:642px;\"><div class=\"kb-gallery-image-contain kadence-blocks-gallery-intrinsic\" style=\"padding-bottom:159%;\"><img loading=\"lazy\" decoding=\"async\" src=\"https:\/\/travelparadise.pl\/wp-content\/uploads\/2025\/01\/RUGIA-1-642x1024.jpg\" width=\"642\" height=\"1024\" alt=\"\" data-full-image=\"https:\/\/travelparadise.pl\/wp-content\/uploads\/2025\/01\/RUGIA-1.jpg\" data-light-image=\"https:\/\/travelparadise.pl\/wp-content\/uploads\/2025\/01\/RUGIA-1.jpg\" data-id=\"760\" class=\"wp-image-760\" srcset=\"https:\/\/travelparadise.pl\/wp-content\/uploads\/2025\/01\/RUGIA-1-642x1024.jpg 642w, https:\/\/travelparadise.pl\/wp-content\/uploads\/2025\/01\/RUGIA-1-188x300.jpg 188w, https:\/\/travelparadise.pl\/wp-content\/uploads\/2025\/01\/RUGIA-1-768x1226.jpg 768w, https:\/\/travelparadise.pl\/wp-content\/uploads\/2025\/01\/RUGIA-1-963x1536.jpg 963w, https:\/\/travelparadise.pl\/wp-content\/uploads\/2025\/01\/RUGIA-1-1283x2048.jpg 1283w, https:\/\/travelparadise.pl\/wp-content\/uploads\/2025\/01\/RUGIA-1.jpg 1410w\" sizes=\"auto, (max-width: 642px) 100vw, 642px\" \/><\/div><\/div><div class=\"kadence-blocks-gallery-item__caption\"><strong>ENERGYLANDIA<\/strong><\/div><\/a><\/figure><\/div><\/li><li class=\"kadence-blocks-gallery-item\"><div class=\"kadence-blocks-gallery-item-inner\"><figure class=\"kb-gallery-figure kb-gallery-item-has-link kadence-blocks-gallery-item-has-caption\" style=\"max-width:642px;\"><a href=\"https:\/\/travelparadise.pl\/?page_id=29\" class=\"kb-gallery-item-link\"  ><div class=\"kb-gal-image-radius\" style=\"max-width:642px;\"><div class=\"kb-gallery-image-contain kadence-blocks-gallery-intrinsic\" style=\"padding-bottom:159%;\"><img loading=\"lazy\" decoding=\"async\" src=\"http:\/\/travelparadise.pl\/wp-content\/uploads\/2025\/01\/RUGIA-3-642x1024.jpg\" width=\"642\" height=\"1024\" alt=\"\" data-full-image=\"http:\/\/travelparadise.pl\/wp-content\/uploads\/2025\/01\/RUGIA-3.jpg\" data-light-image=\"http:\/\/travelparadise.pl\/wp-content\/uploads\/2025\/01\/RUGIA-3.jpg\" data-id=\"767\" class=\"wp-image-767\" srcset=\"https:\/\/travelparadise.pl\/wp-content\/uploads\/2025\/01\/RUGIA-3-642x1024.jpg 642w, https:\/\/travelparadise.pl\/wp-content\/uploads\/2025\/01\/RUGIA-3-188x300.jpg 188w, https:\/\/travelparadise.pl\/wp-content\/uploads\/2025\/01\/RUGIA-3-768x1226.jpg 768w, https:\/\/travelparadise.pl\/wp-content\/uploads\/2025\/01\/RUGIA-3-963x1536.jpg 963w, https:\/\/travelparadise.pl\/wp-content\/uploads\/2025\/01\/RUGIA-3-1283x2048.jpg 1283w, https:\/\/travelparadise.pl\/wp-content\/uploads\/2025\/01\/RUGIA-3.jpg 1410w\" sizes=\"auto, (max-width: 642px) 100vw, 642px\" \/><\/div><\/div><div class=\"kadence-blocks-gallery-item__caption\"><strong>SKARBY MA\u0141OPOLSKI<\/strong><\/div><\/a><\/figure><\/div><\/li><\/ul><\/div><\/div><\/div>\n\n\n\n<hr class=\"wp-block-separator has-alpha-channel-opacity is-style-wide\"\/>\n\n\n\n<p><\/p>\n","protected":false},"excerpt":{"rendered":"<p>Wycieczki Wielodniowe \u2013 Przygoda na D\u0142u\u017cej! Z Travel Paradise odkryjesz najpi\u0119kniejsze miejsca w Polsce i Europie podczas wyj\u0105tkowych wycieczek wielodniowych. Komfortowy transport, profesjonalni przewodnicy i niezapomniane atrakcje \u2013 to wszystko czeka na Ciebie! Wybierz swoj\u0105 idealn\u0105 podr\u00f3\u017c i ciesz si\u0119 wyj\u0105tkowymi wspomnieniami.<\/p>\n","protected":false},"author":1,"featured_media":0,"parent":0,"menu_order":0,"comment_status":"closed","ping_status":"closed","template":"","meta":{"footnotes":""},"class_list":["post-392","page","type-page","status-publish","hentry"],"_links":{"self":[{"href":"https:\/\/travelparadise.pl\/index.php?rest_route=\/wp\/v2\/pages\/392","targetHints":{"allow":["GET"]}}],"collection":[{"href":"https:\/\/travelparadise.pl\/index.php?rest_route=\/wp\/v2\/pages"}],"about":[{"href":"https:\/\/travelparadise.pl\/index.php?rest_route=\/wp\/v2\/types\/page"}],"author":[{"embeddable":true,"href":"https:\/\/travelparadise.pl\/index.php?rest_route=\/wp\/v2\/users\/1"}],"replies":[{"embeddable":true,"href":"https:\/\/travelparadise.pl\/index.php?rest_route=%2Fwp%2Fv2%2Fcomments&post=392"}],"version-history":[{"count":15,"href":"https:\/\/travelparadise.pl\/index.php?rest_route=\/wp\/v2\/pages\/392\/revisions"}],"predecessor-version":[{"id":771,"href":"https:\/\/travelparadise.pl\/index.php?rest_route=\/wp\/v2\/pages\/392\/revisions\/771"}],"wp:attachment":[{"href":"https:\/\/travelparadise.pl\/index.php?rest_route=%2Fwp%2Fv2%2Fmedia&parent=392"}],"curies":[{"name":"wp","href":"https:\/\/api.w.org\/{rel}","templated":true}]}}